343?
4
What is the tens digit of 7164635?
3
What is the units digit of 53114571?
1
What is the hundreds digit of 3391817644?
6
What is the hundred thousands digit of 33147192?
1
What is the thousands digit of 537733506?
3
What is the tens digit of 411334336?
3
What is the hundreds digit of 169356924?
9
What is the ten thousands digit of 25002601?
0
What is the thousands digit of 176881191?
1
What is the ten thousands digit of 986550622?
5
What is the hundred millions digit of 621518199?
6
What is the tens digit of 17043027?
2
What is the billions digit of 2054996729?
2
What is the billions digit of 2184561605?
2
What is the hundreds digit of 2894080843?
8
What is the ten millions digit of 37609460?
3
What is the thousands digit of 5231667?
1
What is the hundreds digit of 328262280?
2
What is the hundred thousands digit of 65014827?
0
What is the units digit of 3609049995?
5
What is the hundred thousands digit of 409211345?
2
What is the units digit of 65475887?
7
What is the ten millions digit of 54242151?
5
What is the tens digit of 15103449?
4
What is the hundreds digit of 1265817839?
8
What is the units digit of 29851920?
0
What is the millions digit of 23801362?
3
What is the hundred thousands digit of 516767651?
7
What is the millions digit of 543048512?
3
What is the hundreds digit of 4226003491?
4
What is the hundred millions digit of 940026969?
9
What is the units digit of 204248701?
1
What is the tens digit of 34414212?
1
What is the thousands digit of 2542997651?
7
What is the millions digit of 55373324?
5
What is the tens digit of 17079484?
8
What is the millions digit of 1080534939?
0
What is the hundreds digit of 24022217?
2
What is the hundreds digit of 955056297?
2
What is the tens digit of 1699617211?
1
What is the millions digit of 1195976896?
5
What is the hundreds digit of 53162564?
5
What is the hundreds digit of 1294935186?
1
What is the hundreds digit of 192607446?
4
What is the ten thousands digit of 53422684?
2
What is the millions digit of 59965223?
9
What is the millions digit of 131241604?
1
What is the hundred thousands digit of 90875701?
8
What is the ten millions digit of 453082372?
5
What is the units digit of 3263685312?
2
What is the hundreds digit of 603696584?
5
What is the hundred thousands digit of 665281842?
2
What is the thousands digit of 358970759?
0
What is the tens digit of 57879480?
8
What is the thousands digit of 5421242958?
2
What is the hundred thousands digit of 159473897?
4
What is the units digit of 579714991?
1
What is the thousands digit of 118370967?
0
What is the hundred thousands digit of 1594341308?
3
What is the units digit of 722320716?
6
What is the tens digit of 59880922?
2
What is the thousands digit of 41672124?
2
What is the hundred thousands digit of 694346204?
3
What is the tens digit of 21611639?
3
What is the thousands digit of 960052436?
2
What is the hundred thousands digit of 2127604559?
6
What is the hundreds digit of 23729825?
8
What is the hundred thousands digit of 71464108?
4
What is the ten thousands digit of 14625885?
2
What is the ten thousands digit of 26528602?
2
What is the ten thousands digit of 97349268?
4
What is the hundred thousands digit of 188829997?
8
What is the thousands digit of 45222327?
2
What is the hundreds digit of 43060423?
4
What is the ten millions digit of 100088441?
0
What is the hundred millions digit of 2881328277?
8
What is the hundreds digit of 1129673?
6
What is the thousands digit of 240041525?
1
What is the ten millions digit of 1236734268?
3
What is the ten millions digit of 101444516?
0
What is the units digit of 368807596?
6
What is the ten millions digit of 40012450?
4
What is the ten thousands digit of 1139064877?
6
What is the millions digit of 115071632?
5
What is the units digit of 535991352?
2
What is the units digit of 83617069?
9
What is the units digit of 284972257?
7
What is the millions digit of 61139269?
1
What is the hundreds digit of 65762675?
6
What is the units digit of 1996775692?
2
What is the units digit of 956747038?
8
What is the units digit of 70155297?
7
What is the ten thousands digit of 29216862?
1
What is the ten thousands digit of 1379034733?
3
What is the thousands digit of 175898337?
8
What is the hundred thousands digit of 174735051?
7
What is the hundred millions digit of 281388390?
2
What is the millions digit of 4942957046?
2
What is the hundreds digit of 411653109?
1
What is the units digit of 59836154?
4
What is the tens digit of 579199118?
1
What is the hundred millions digit of 4797337827?
7
What is the units digit of 451412107?
7
What is the units digit of 64696363?
3
What is the hundred millions digit of 472493300?
4
What is the ten millions digit of 110726629?
1
What is the hundreds digit of 140479752?
7
What is the tens digit of 2647628461?
6
What is the millions digit of 154728980?
4
What is the ten thousands digit of 2138340386?
4
What is the tens digit of 27240002?
0
What is the units digit of 1768213128?
8
What is the ten thousands digit of 1735289153?
8
What is the ten thousands digit of 62024865?
2
What is the units digit of 140175359?
9
What is the tens digit of 651779790?
9
What is the thousands digit of 1903529287?
9
What is the millions digit of 146429523?
6
What is the ten thousands digit of 190766297?
6
What is the thousands digit of 4615727422?
7
What is the ten millions digit of 39319312?
3
What is the units digit of 4261820495?
5
What is the ten thousands digit of 327459952?
5
What is the millions digit of 233481265?
3
What is the hundreds digit of 34733223?
2
What is the ten thousands digit of 65124069?
2
What is the ten thousands digit of 438976406?
7
What is the tens digit of 137315021?
2
What is the millions digit of 437274330?
7
What is the ten millions digit of 724767042?
2
What is the millions digit of 534586445?
4
What is the thousands digit of 2133865740?
5
What is the ten thousands digit of 69836781?
3
What is the thousands digit of 21709522?
9
What is the thousands digit of 157303445?
3
What is the ten thousands digit of 20014229?
1
What is the millions digit of 131206594?
1
What is the thousands digit of 259722963?
2
What is the hundred thousands digit of 31311646?
3
What is the ten millions digit of 87857396?
8
What is the millions digit of 918274658?
8
What is the thousands digit of 9902138?
2
What is the ten thousands digit of 192592921?
9
What is the units digit of 3386867302?
2
What is the millions digit of 237959449?
7
What is the ten millions digit of 36310097?
3
What is the ten thousands digit of 6787870882?
7
What is the units digit of 3491990122?
2
What is the hundreds digit of 535187588?
5
What is the hundreds digit of 837918553?
5
What is the tens digit of 36943779?
7
What is the ten thousands digit of 1525977275?
7
What is the millions digit of 14009547?
4
What is the ten millions digit of 209264255?
0
What is the thousands digit of 98818036?
8
What is the hundreds digit of 500999539?
5
What is the thousands digit of 69204297?
4
What is the tens digit of 86172193?
9
What is the tens digit of 92043412?
1
What is the hundred millions digit of 167015744?
1
What is the millions digit of 34188587?
4
What is the hundreds digit of 755675066?
0
What is the thousands digit of 16413953?
3
What is the ten millions digit of 155263495?
5
What is the hundred thousands digit of 3139691067?
6
What is the tens digit of 19274721?
2
What is the millions digit of 3084929421?
4
What is the thousands digit of 3392772236?
2
What is the hundred thousands digit of 3696893425?
8
What is the hundreds digit of 27743888?
8
What is the ten millions digit of 234235699?
3
What is the thousands digit of 196851261?
1
What is the units digit of 790877484?
4
What is the tens digit of 46468703?
0
What is the units digit of 4130814979?
9
What is the ten millions digit of 139770571?
3
What is the hundred thousands digit of 813547680?
5
What is the thousands digit of 1267217956?
7
What is the thousands digit of 4382210160?
0
What is the tens digit of 1695733917?
1
What is the units digit of 373858360?
0
What is the tens digit of 179009332?
3
What is the ten millions digit of 21124301?
2
What is the tens digit of 24741295?
9
What is the millions digit of 883115310?
3
What is the ten thous